2. Suppose 2*n + 2*i - 12 = 0, -2 = -3*n - 5*i + 20. Let g = n - 6. Determine a(g).
-4
Suppose 3 = -3*m + 6. Let g be 5 - (-2 + 1 + m). Suppose g*r = -11 + 31. Let d(a) = a**3 - 4*a**2 - 2*a + 3. Determine d(r).
-5
Let w(t) = -t**2 + 4*t - 2. Let n be w(3). Let c(j) = -j**2. Let y be c(n). Let r(x) = -x**3 + x + 1. Calculate r(y).
1
Let o(n) = 5 - 3 - 4 - 2*n + 0. Give o(-4).
6
Let u be 1*(2 - (-1)/1). Suppose 0 = 4*l - 3*l - u. Let b(o) = l*o - o + 5 - o. Calculate b(0).
5
Let n(w) = -w + 6. Let s = 8 + -8. Suppose -p = c - 5, s = 4*c + p + p - 18. Suppose 2*j + c*b - 8 = 0, 0*b - 8 = -5*j - 4*b. Give n(j).
6
Let g(m) be the first derivative of m**4/12 + 2*m**3/3 + 3*m**2/2 - 2*m - 1. Let b(d) be the first derivative of g(d). Calculate b(-3).
0
Suppose -4*h = -2*c + 14, 0 = -2*c + 2*h - 7*h - 31. Let n(s) = s**3 + 3*s**2 - 2*s - 4. What is n(c)?
2
Let d(n) = n. Let k = 2 - 0. Let v be k + -3 + 1 + -4. Give d(v).
-4
Let x(d) = 2*d + 5*d**2 - 2*d**3 + 6 + 3*d**3 - 2*d**3 - 2. Calculate x(5).
14
Let s(y) = y**2 + y + 4. Suppose -5*m - 17 = w + 2*w, -4*w + 5*m - 11 = 0. Give s(w).
16
Let l(c) be the first derivative of c**3/3 - 3*c**2 - c - 8. Calculate l(7).
6
Let m(n) be the second derivative of n**4/6 + 7*n**3/6 - n. Suppose 21 + 4 = -f - 4*r, -10 = 2*r. Give m(f).
15
Let f be 1 + (-3 - -6)*-1. Let n be 1 + f + 2 + 0. Let o(p) be the first derivative of 4*p**3/3 - p**2 + p + 1. What is o(n)?
3
Let s(p) = p**2 - p. Let r be s(-1). Let b(o) = r*o + 1 + 2*o**2 - 2*o. Let m be -1 + -3 - (8 - 8 - 6). Give b(m).
9
Suppose -l + 0*l + 7 = -v, -2*v = l + 5. Let d(r) = 3*r**3 + 5*r**2 + 4*r + 1. Let u(a) = a**3 + a. Let g(k) = -d(k) + 2*u(k). What is g(v)?
-9
Let n = -1/29 + 31/58. Let q(w) be the second derivative of -n*w**2 + 0 + w**3 + 2*w. Determine q(-1).
-7
Let i(a) = -2*a + 3. Let v be (-111)/(-15) + (-6)/(-10). Let w be ((-2)/4)/((-1)/v). Calculate i(w).
-5
Let x(l) = -l**2 - l. Let q(w) = -w**3 - w**2 + w + 1. Let a be q(-1). Give x(a).
0
Let m(o) = -o**3 - 5*o**2 - 5*o + 4. Let p = -20 + 28. Let q(b) = -b**3 + 7*b**2 + 8*b - 4. Let t be q(p). Determine m(t).
8
Let l(w) = -1. Let n(k) = -2*k**2 - 4*k - 7. Let d(y) = -5*l(y) + n(y). Suppose -b - b + 23 = -5*f, 4*f + 4 = -2*b. Calculate d(f).
-8
Suppose 6*z + 16 = 10*z. Let d be 4/z*(2 - -1). Let a(y) = y**2 + y - 1. Let h(o) = -2*o**2 - 7*o + 3. Let f(m) = -3*a(m) - h(m). Determine f(d).
3
Let l = 3 + -5. Suppose 2*r + 2*o = 8, 4*o = r + o + 16. Let b(k) = k + 1. Let g(z) = 11*z + 9. Let c(y) = r*g(y) + 6*b(y). Determine c(l).
7
Let m(s) = s - 1. Let c be m(5). Suppose -2*k = c*f, -5*f + 4*k = -k. Let g(u) = u**2. Calculate g(f).
0
Let b(s) = 2637 - 2637 + s. Calculate b(-5).
-5
Let v(j) = -4*j + 3. Let t(z) = -z - 1. Let y(w) = -5*t(w) + v(w). Give y(-8).
0
Let x(n) = n**2 - 5*n + 5. Suppose 2*v - 5*w + 10 = -v, 0 = 5*v + 4*w - 45. Suppose -v*c - 6 = 3*s + 6, 0 = 2*c + 5*s + 1. Let y = c - -7. What is x(y)?
1
Let g(k) = k - 1. Let d(r) = -r + 1. Suppose 6*s - 4*s = 0. Suppose s = -c + 3*c - 6. Let u(z) = c*d(z) + 2*g(z). What is u(-1)?
2
Let i(x) = 2*x + 41. Let t be i(-22). Let n(s) = s**2 - s + 1. Let k(q) = -q. Let r(h) = 4*k(h) - n(h). Calculate r(t).
-1
Let y(j) = j**3 + 13*j**2 + 11*j - 8. Suppose 7*o + 60 = 2*o. What is y(o)?
4
Let j(g) = -2*g + 4*g - g + 1. Suppose 4*r - 7*r = -w - 3, 0 = -r + w - 1. Suppose 5*n = 10, 2*p - 3 = r*n - 15. Give j(p).
-3
Let t(p) be the third derivative of 1/8*p**4 + 0 + 0*p + p**2 - p**3. Calculate t(4).
6
Let d(f) = f**3 + 5*f**2 + 2*f + 3. Let v = -4 - 1. Let n = 1 + v. Calculate d(n).
11
Let l(f) be the first derivative of f**6/120 + f**5/10 - f**4/24 - 7*f**3/6 + 5*f**2/2 + 6. Let b(n) be the second derivative of l(n). Determine b(-6).
-1
Let f(u) = -u**2 + 2. Let l be f(0). Let z = -1 + l. Let x(r) = 2*r**3 - r**2 - 2 - 9*r**3 + 1 + r**3 + 2*r. Calculate x(z).
-6
Let k(s) be the third derivative of s**6/120 - s**5/20 - s**4/8 - 2*s**3/3 - 17*s**2. Let i be 2*5/2 + -1. What is k(i)?
0
Let t(x) = 34*x**3 + 6*x + 5*x**2 - 58*x**3 + 25*x**3. Suppose 0 = -u - 2*j - 2, -u - u - 9 = -j. What is t(u)?
-8
Let n(x) = 6*x - 1. Let y(q) = -q**2 + 4*q. Let h be y(3). Let t be 3/(3*h/9). Let m = t + -2. Calculate n(m).
5
Let b be 112/(-49) - 2/(-7). Let f be (5/(-3))/(b/6). Let o(a) = a - f + 3*a + 1. Determine o(3).
8
Suppose 4 = 6*h - 8*h. Let s(v) = -2*v + 1. Give s(h).
5
Let n(r) = -21*r**2 + 6*r + 9 + 0*r + 34*r**2 - 14*r**2. Determine n(7).
2
Let x be ((-3)/(-2))/(1/2). Let n(z) = -z**3 + 2*z**2 - 1. Let c be n(1). Let f(d) = -3 + 0*d**2 - 2*d + c*d**2 + d**2. Calculate f(x).
0
Let i be -4*(3 + 28/(-8)). Let k(g) = -3 + 2*g**2 + 2 + 0*g**2. Determine k(i).
7
Let i(o) = o - 1. Suppose -r = -3*r + 2. Let p(t) = t**3 - 2*t**2 + 7*t - 7. Let n(d) = r*p(d) - 5*i(d). Suppose v + 0 = 2. What is n(v)?
2
Suppose -4*y = 0, -5*y - 25 = -0*l - 5*l. Let b(d) = -3*d**2 - 3*d + 9*d - 3*d**2 - 2 + d**3. Calculate b(l).
3
Let x = 5 - 9. Let c = 5 + x. Let g = -4 + c. Let s(w) = w**2 + 4*w. What is s(g)?
-3
Let m(o) be the first derivative of o**4/24 + 11*o**3/6 + 3*o**2/2 + 5. Let q(y) be the second derivative of m(y). Let a = -12 - -7. Give q(a).
6
Let m(o) = 5*o. Let g(q) = -q - 2. Let c be g(-6). Suppose 2*z + 22 = c*t, -t + 3*z + 29 = 4*t. Suppose -i + s - t = 0, 4*i + 5*s - 24 = 5*i. What is m(i)?
5
Let h(l) = 2*l**3 - 3*l**2 + 2*l + 7. Let y be 1 - 0 - (-1 + -5). Let z(g) = 2*g**3 - 2*g**2 + 2*g + 6. Let f(w) = y*z(w) - 6*h(w). What is f(-2)?
-4
Suppose 3*c + 6 + 30 = 0. Let x be (-7)/(-4) + (-3)/c. Let s(l) = -l. Determine s(x).
-2
Let x(u) = -u**2 + 4*u - 1. Suppose 8 + 8 = 4*m. Suppose -3*d + 3*b = -18, -3*b + 1 - m = 0. What is x(d)?
-6
Let d(v) = -v - 11. Let k be d(-10). Let h(w) = -6*w + 4*w**2 - 1 + 2*w**2 + 4*w. Calculate h(k).
7
Let q = 2 + -2. Let m = -1 + q. Let z(a) = 2*a**2 + 2*a + 1. What is z(m)?
1
Let h(n) be the third derivative of 0 + 0*n - 1/6*n**3 + 6*n**2 - 1/8*n**4. Calculate h(4).
-13
Let g(u) = 14*u**2 - 5*u + 6. Let k(o) = 14*o**2 - 4*o + 5. Let d(z) = 6*g(z) - 7*k(z). Give d(1).
-15
Suppose -13 = x - 3. Let k = -15 - x. Let p(r) = -4*r**2 + 3*r**3 + 3 - 2*r**3 + 0*r**3 - 2*r**3 + 6*r. What is p(k)?
-2
Let g(o) = 0 + 0 - 1 + 8*o. Let l be (-4 - (-3 + 3)) + 5. Give g(l).
7
Let p(j) = j - 1. Let f(d) = -d**2 + 2*d - 6. Let s(k) = f(k) - 4*p(k). Suppose -22*g - 6 = -23*g. Suppose 2*w - g*w - 8 = 0. Calculate s(w).
-2
Let f = 13 - 19. Let x = f + -3. Let a(h) = -5*h**3 - 11*h**2 - 17*h + 3. Let r(l) = l**3 + 3*l**2 + 4*l - 1. Let u(c) = x*r(c) - 2*a(c). Determine u(5).
-7
Let y(h) = -h**3 + 5*h**2 - 6*h + 2. Let c(o) = -3*o - 9. Let n be c(-6). Let p = -6 + n. Suppose -4*m + 8 = -2*f, 0*f + p*f - 5*m + 8 = 0. Calculate y(f).
-6
Let k = 5 - 5. Let q = k + -20. Let l be q/(-16)*(4 + 0). Let d(p) = -p - 2. What is d(l)?
-7
Let q = 18 - 17. Let b = q - 0. Let a(n) = -13*n**2 + n - 1. Give a(b).
-13
Let i be (-4 + 4)/(-2 + 3 + -2). Let g(z) = -z**2 + z + 1. Calculate g(i).
1
Let j(i) = -2*i**2 + 2*i + 9. Let w(f) = -f**2 + 1. Let u(h) = -j(h) + 3*w(h). Calculate u(-5).
-21
Let h(s) be the first derivative of s**4/4 - s**3/3 - s + 3. Calculate h(2).
3
Let c(p) = -p**2 + 3*p + 1. Let a(x) = 4*x**2 + 2*x - 1. Let q be a(1). Suppose -q*o + o = -16. Suppose 2*g + 0 = o. Give c(g).
3
Let p(h) = -h - 3. Let n be p(-5). Suppose 2*q = -0 - n. Let l(u) = 5*u**3 - u**2 - 2*u - 1. Give l(q).
-5
Let n(z) be the second derivative of -z**6/240 + z**5/20 - z**4/4 - 3*z. Let f(l) be the third derivative of n(l). Determine f(4).
-6
Let q(s) = -s**2 + 7*s + 3. Suppose 5 + 11 = 2*d. Give q(d).
-5
Suppose 0 = 72*h - 70*h + 14. Let o(p) = p**3 + 7*p**2 - 2*p - 10. Calculate o(h).
4
Suppose -4*n + 5 = -11. Suppose -n*m + 6*j - 2*j + 8 = 0, -4 = -2*m - 4*j. Let t(b) = b**2 - 3*b + 1. Calculate t(m).
-1
Let c(l) be the first derivative of -l**3/3 + l**2/2 - 3. Let t be 4/(-18) - 6/(-27). What is c(t)?
0
Let q(b) = b + 1. Let f(w) be the first derivative of 7*w**2/2 + 7*w - 1. Let h(t) = -f(t) + 5*q(t). Let r be (2 + -3)*2 - 1. Calculate h(r).
4
Let u(p) = -9*p**3 + 6*p**2 + p + 11. Let n(l) = 4*l**3 - 3*l**2 - 5. Let a(k) = 7*n(k) + 3*u(k). What is a(3)?
7
Let d be (-1 - -4) + -4 - -8. Let z(h) = 0*h**2 + 6 - d*h - 2*h + 2*h + h**2. Give z(4).
-6
Let w(r) = -5*r + 97. Let